(w) + 2*y(w). Calculate the remainder when h(11) is divided by 11.
2
Suppose -d = 2*g - 3*d - 104, -5*g - 2*d + 274 = 0. Let w = g - 51. Suppose -4*h + w*h + 26 = 0. What is the remainder when h is divided by 14?
12
Suppose 958*k = 903*k + 720500. What is the remainder when k is divided by 78?
74
Let g = 184 - 75. Let t(s) = 2*s**2 + 53*s + 220. Calculate the remainder when g is divided by t(-22).
21
Let o be 10038/24 + 1*(-4)/16. Let l = o + -270. What is the remainder when l is divided by 42?
22
Let u(j) = -j**2 - 9*j + 86. What is the remainder when 985 is divided by u(-10)?
73
Suppose -12 = -t - 2*t. Suppose 0 = 2*v - t*v - 108. What is the remainder when 17 is divided by v/(-10) + 4/(-10)?
2
Suppose -3*k + 4*i + 12 + 61 = 0, -4*k + 4*i + 100 = 0. What is the remainder when (810/6 - -3)/(6/4) is divided by k?
11
Suppose -2*q + 3225 = 7*a - 2*a, -1921 = -3*a - 4*q. Let t = -627 + a. Calculate the remainder when 75 is divided by t.
15
Suppose -3*x = -4*n + 2446, 6*n = 3*n - 5*x + 1791. What is the remainder when n is divided by 2?
1
Let a = 91844 - 91839. Let h(w) = 4*w**2 + w + 1. What is the remainder when h(-3) is divided by a?
4
Suppose -p - 427 = -2*w, -197 - 34 = -w + 4*p. What is the remainder when w is divided by 168?
43
Let l = 3820 - 3124. Calculate the remainder when l is divided by 221.
33
Let s be 10/15*(8 - -1). Let w = 405 + -401. What is the remainder when w is divided by ((-2)/(-5))/(s/15)?
0
Suppose -5*x + 5*l = 44 - 419, 0 = -3*x - 3*l + 249. Let m be 56/(-20)*560/32. Let y = m + x. What is the remainder when y is divided by 11?
8
Suppose -r - x + 24 = 2*x, 2*x - 6 = 0. Calculate the remainder when 125 is divided by r.
5
Let x(f) = 87*f - 817. What is the remainder when x(19) is divided by 170?
156
Suppose -8*p - 1565 = -1589. Suppose -26*m = p*m - 3944. Calculate the remainder when m is divided by 40.
16
Let f(q) be the third derivative of -q**5/20 - 14*q**4/3 - 7*q**3/6 + 85*q**2. Calculate the remainder when 119 is divided by f(-37).
29
Let m = -287 - -285. Let d = 43 + -28. Calculate the remainder when m - (1 + (-4 - -3)) - -61 is divided by d.
14
Let h(t) = 3*t**2 + 39*t - 553. What is the remainder when 366 is divided by h(9)?
38
Suppose 0*y - m = 5*y - 28, 12 = 4*m. Suppose 4 - 34 = -y*l. Suppose 12*w + 88 = 16*w. What is the remainder when w is divided by l?
4
Let j(c) = -c**2 - 6*c - 2. Let m be j(-5). Calculate the remainder when 203 is divided by 3850/75 + 2/m.
47
Let y = 314 + -319. Let a(m) = 20*m + 110. What is the remainder when 39 is divided by a(y)?
9
Suppose 252 = -11*a + 13*a. Suppose 6*d - 3*d - a = 0. What is the remainder when 90 is divided by d?
6
Let n = 496 - 475. Suppose -35*i + 38*i - n = 0. What is the remainder when 9 is divided by i?
2
Let t(x) = -18*x - 24. Let m(w) = 35*w + 47. Let l(r) = -3*m(r) - 7*t(r). Let n be l(-4). Let c = n - -104. What is the remainder when c is divided by 10?
7
Let c(d) = -d - 32. Let l(w) = 5*w - 35. Let j be l(7). Let x be c(j). Let u = x + 135. What is the remainder when u is divided by 15?
13
Suppose 0 = 18*s - 10*s - 160. Calculate the remainder when ((-70)/(-70))/((-2)/(-48)) is divided by s.
4
Let h(x) = x**2 + 16*x + 4. Let y(m) = m**3 + 5*m**2 - 4*m - 8. Let p = 28 + -34. Let k be y(p). What is the remainder when h(k) is divided by 29?
26
Let j(k) = k**3 + 6*k**2 - 9*k - 8. Let a = -114 + 107. Let b be j(a). Let g(f) = -4*f**2 + 28*f - 2. What is the remainder when 75 is divided by g(b)?
9
Let r = 2812 + -2808. What is the remainder when 28 is divided by r?
0
Let z(j) = j**2 - 8*j + 1. Let u be z(7). Let n(k) = k**2 + 4*k. Suppose 886*g - 879*g = 476. What is the remainder when g is divided by n(u)?
8
Suppose 94*d - 93*d = -3*q + 65, -d + 69 = 4*q. Suppose n + s = 4*s - 15, -2*n - 18 = -3*s. What is the remainder when d is divided by 2 + (n/1 - -12)?
9
Let v be (0 - -15)*1/1. Let n(z) = -z**3 + 38*z**2 - 32*z - 192. Let i be n(37). Let p = v + i. Calculate the remainder when p is divided by 5.
3
Suppose 9*a - 35 = 2368. Suppose -w + 49 = o, a + 18 = 5*w - 5*o. What is the remainder when w is divided by 39?
14
Suppose 36*x - p - 6061 = 34*x, 0 = 2*p - 10. Calculate the remainder when x is divided by 65.
43
Let g = -1063080 + 1063092. What is the remainder when 59/1 + 0 + 0 is divided by g?
11
Suppose b - 33 = -5*q, -7 = -q - 3. Let n be -63 - (-1 + 4 + -3). Let o = 164 + n. What is the remainder when o is divided by b?
10
Let j = 149 + -147. Suppose o - 357 = -3*x - 30, 3*o - 211 = -j*x. Calculate the remainder when x is divided by 37.
36
Let s(n) = 500*n**3 + 11*n**2 - 10*n + 1. Calculate the remainder when s(1) is divided by 126.
124
Let v(l) = -2*l**3 - l**2 + 2*l. Let o be v(1). Let h be (10/(-30))/(o/111). Let r = 64 - h. Calculate the remainder when r is divided by 8.
3
Let p(a) = a**3 - 23*a**2 + 142*a - 19. What is the remainder when 504 is divided by p(10)?
100
Let l = 1164 + 5669. What is the remainder when l is divided by 134?
133
Suppose 5*z - 27*l = -25*l + 5033, 4*l = 3*z - 3003. What is the remainder when z is divided by 11?
8
Let a(t) = 6*t**2 - 4*t - 5. Suppose -5*r - 3*f = -2*f + 7, -7 = -r + 4*f. What is the remainder when 32 is divided by a(r)?
2
Let s(m) = 2*m**3 - 123*m**2 + 81*m - 189. What is the remainder when s(61) is divided by 213?
179
Let i = 16 - 224. Let c = 253 + i. Calculate the remainder when c is divided by 24.
21
Suppose 2*y = -14 - 192. Let t = 89 + y. Calculate the remainder when 18 - t - (-2 + 0) is divided by 12.
10
Suppose 4*b + 38538 - 39170 = 0. Calculate the remainder when 822 is divided by b.
32
Calculate the remainder when -2*32/24*-72 is divided by 98.
94
Suppose 3*u + 2*u + 2*l - 45 = 0, 3*u - 18 = -3*l. Suppose -7*q + u*q = -156. Let n = q + 135. What is the remainder when n is divided by 33?
30
Let o = -667 - -555. What is the remainder when (o/6)/((-62)/93) is divided by 8?
4
Suppose 16*u - 11*u + 952 = -4*b, -u - 184 = 4*b. Let l = u + 231. What is the remainder when 85 is divided by l?
7
Let u = -223 - -448. What is the remainder when 76 is divided by 12/(-9)*u/(-30)?
6
What is the remainder when 207 is divided by ((-26)/24)/((-260)/34320)?
64
Suppose 361*k = -i + 362*k + 651, -4*i + 5*k = -2607. What is the remainder when i is divided by 55?
43
Suppose 5*j - 11327 = -r, 0 = -5*r - 174*j + 171*j + 56591. What is the remainder when r is divided by 11?
9
Let z be (4/(-6) + 55/6)*-2. Let r(d) = -d - 13. Let h be r(z). Suppose 3*w - x - 211 = -2*x, w = -h*x + 63. What is the remainder when w is divided by 12?
11
Suppose -o - 19 = -5*j, 5*o - 8*o = -3*j + 69. Calculate the remainder when 124 is divided by o/(-8) + -7 - (-44 - -1).
7
Suppose -4*z + 433 = -3*o, 4*o + 31 + 397 = 4*z. What is the remainder when 445 is divided by z?
109
Let p(d) = 2*d**2 + 7*d - 7. Suppose 97*a = 5*m + 50*a + 52*a - 25, -a = 0. Calculate the remainder when p(6) is divided by m.
2
Suppose 6 = 2*k + k. Suppose 81 = k*o - 2*p - 93, 2*o + 3*p - 184 = 0. Let j(t) = -70*t + 233. Calculate the remainder when o is divided by j(3).
20
Let u = -108 + 144. Let z = -725 - -863. Calculate the remainder when z is divided by u.
30
Suppose p + 25*p - 59709 = -13*p. What is the remainder when p is divided by 305?
6
Suppose i = -0*s + 3*s - 67, -15 = -3*i. Suppose 248 = 14*r + 80. Calculate the remainder when s is divided by r.
0
Suppose -51*m + 50*m = -275. Let z = m + -193. Calculate the remainder when z is divided by 17.
14
Let i(v) = 8*v**2 + 72*v + 48. What is the remainder when 2428 is divided by i(-10)?
124
Calculate the remainder when 657 is divided by (4 - 3)/(74/1036).
13
Let x(t) = 3*t**2 + 81*t + 38. What is the remainder when x(8) is divided by 13?
7
Suppose -d - 2*n = -194, -5*d = 2*n - 352 - 586. Let g(v) = 18*v**3 + 2*v**2 + 6*v + 1. Let h be g(3). What is the remainder when d is divided by h/11 - 6/11?
45
Let h = 121 + -25. Suppose 2*o + 5*m - h = 0, 25 = 2*o - m - 59. Calculate the remainder when o is divided by 14 + (3 + -2 - (4 - 0)).
10
Let z be 7/((-21)/(-12)) + 0. Suppose 42 = z*k + 2*u, -4*u + 7 = 3. What is the remainder when 24 is divided by k?
4
Suppose 19*n - 160 = -84. Let z(k) be the third derivative of -k**4/24 + k**3 - 2*k**2. Calculate the remainder when n is divided by z(3).
1
What is the remainder when 4492 is